s of 5079160.
2, 5, 43, 2953
List the prime factors of 8939329.
7, 19, 67213
List the prime factors of 159709.
11, 14519
List the prime factors of 118824.
2, 3, 4951
List the prime factors of 200773.
19, 10567
List the prime factors of 28327197.
3, 307, 30757
What are the prime factors of 246760?
2, 5, 31, 199
List the prime factors of 4029076.
2, 109, 9241
List the prime factors of 230886.
2, 3, 101, 127
List the prime factors of 1332109.
19, 70111
What are the prime factors of 8833794?
2, 3, 23, 64013
What are the prime factors of 254777?
254777
What are the prime factors of 234369?
3, 26041
List the prime factors of 1215342.
2, 3, 251, 269
What are the prime factors of 1774368?
2, 3, 61, 101
List the prime factors of 92752.
2, 11, 17, 31
What are the prime factors of 7053061?
29, 243209
List the prime factors of 6794957.
13, 522689
What are the prime factors of 270109?
7, 47, 821
List the prime factors of 59863.
59863
List the prime factors of 719022.
2, 3, 293, 409
What are the prime factors of 129153?
3, 43051
What are the prime factors of 5218540?
2, 5, 19, 31, 443
List the prime factors of 358777.
19, 23, 821
List the prime factors of 1996567.
79, 127, 199
What are the prime factors of 21747548?
2, 41, 132607
What are the prime factors of 433069?
7, 13, 4759
List the prime factors of 154299.
3, 19, 2707
List the prime factors of 2345639.
257, 9127
What are the prime factors of 587247?
3, 61, 3209
What are the prime factors of 20119?
11, 31, 59
List the prime factors of 1270211.
59, 21529
What are the prime factors of 122268?
2, 3, 23, 443
List the prime factors of 827101.
11, 17, 4423
What are the prime factors of 627820?
2, 5, 31391
List the prime factors of 9353480.
2, 5, 233837
List the prime factors of 1128754.
2, 11, 51307
List the prime factors of 11051620.
2, 5, 552581
What are the prime factors of 62067?
3, 17, 1217
List the prime factors of 1271970.
2, 3, 5, 7, 673
List the prime factors of 14495568.
2, 3, 301991
List the prime factors of 1542513.
3, 7, 73453
List the prime factors of 55120.
2, 5, 13, 53
List the prime factors of 783125.
5, 7, 179
List the prime factors of 675363.
3, 13, 17317
List the prime factors of 993466.
2, 496733
What are the prime factors of 16930850?
2, 5, 53, 6389
What are the prime factors of 824046?
2, 3, 137341
What are the prime factors of 754875?
3, 5, 11, 61
What are the prime factors of 5308112?
2, 59, 5623
What are the prime factors of 20000637?
3, 2222293
What are the prime factors of 59585?
5, 17, 701
List the prime factors of 18286.
2, 41, 223
List the prime factors of 534456.
2, 3, 13, 571
List the prime factors of 7399766.
2, 11, 336353
List the prime factors of 44037.
3, 7, 233
What are the prime factors of 58222?
2, 43, 677
What are the prime factors of 11894067?
3, 17, 25913
List the prime factors of 954015.
3, 5, 63601
List the prime factors of 8521821.
3, 7, 11, 4099
List the prime factors of 19446579.
3, 31, 47, 1483
List the prime factors of 1259990.
2, 5, 163, 773
What are the prime factors of 3435556?
2, 23, 107, 349
What are the prime factors of 5162752?
2, 7, 43, 67
List the prime factors of 162544.
2, 10159
List the prime factors of 73823.
73823
What are the prime factors of 5600284?
2, 523, 2677
List the prime factors of 1121047.
1121047
List the prime factors of 196275.
3, 5, 2617
List the prime factors of 10958906.
2, 7, 73, 10723
List the prime factors of 3974030.
2, 5, 199, 1997
List the prime factors of 3426963.
3, 1142321
List the prime factors of 10682568.
2, 3, 13, 101, 113
List the prime factors of 592513.
131, 4523
List the prime factors of 730975.
5, 7, 4177
What are the prime factors of 12986462?
2, 19, 341749
List the prime factors of 155550.
2, 3, 5, 17, 61
List the prime factors of 9816649.
109, 113, 797
What are the prime factors of 315683?
89, 3547
List the prime factors of 87960.
2, 3, 5, 733
What are the prime factors of 1189619?
563, 2113
List the prime factors of 1098811.
7, 79, 1987
What are the prime factors of 183078?
2, 3, 7, 1453
What are the prime factors of 1106283?
3, 499, 739
List the prime factors of 1023286.
2, 11, 193, 241
What are the prime factors of 46320?
2, 3, 5, 193
List the prime factors of 291808.
2, 11, 829
What are the prime factors of 1106937?
3, 13, 9461
List the prime factors of 20877260.
2, 5, 31, 151, 223
What are the prime factors of 8006566?
2, 199, 20117
List the prime factors of 101970.
2, 3, 5, 11, 103
List the prime factors of 875012.
2, 23, 9511
List the prime factors of 417008.
2, 67, 389
List the prime factors of 275095.
5, 37, 1487
What are the prime factors of 429046?
2, 17, 12619
List the prime factors of 10301857.
19, 28537
List the prime factors of 26544273.
3, 7, 19, 71, 937
List the prime factors of 10457873.
17, 503, 1223
List the prime factors of 2370523.
2370523
List the prime factors of 90572.
2, 22643
List the prime factors of 21058.
2, 10529
What are the prime factors of 6366955?
5, 7, 181913
List the prime factors of 255067.
379, 673
What are the prime factors of 895437?
3, 37, 2689
List the prime factors of 25179339.
3, 191, 43943
What are the prime factors of 13419483?
3, 7, 11, 43, 193
List the prime factors of 3348457.
7, 478351
What are the prime factors of 1050184?
2, 251, 523
What are the prime factors of 28502961?
3, 173, 54919
List the prime factors of 7427103.
3, 29, 85369
What are the prime factors of 179108?
2, 44777
List the prime factors of 1412329.
29, 31, 1571
What are the prime factors of 177117?
3, 43, 1373
What are the prime factors of 606158?
2, 7, 29, 1493
List the prime factors of 287585.
5, 113, 509
What are the prime factors of 455447?
17, 73, 367
List the prime factors of 219324.
2, 3, 7, 373
What are the prime factors of 814755?
3, 5, 29, 1873
List the prime factors of 64786.
2, 29, 1117
List the prime factors of 8246009.
47, 175447
What are the prime factors of 2392333?
2392333
What are the prime factors of 14049596?
2, 11, 23, 13883
List the prime factors of 6516124.
2, 1629031
What are the prime factors of 649956?
2, 3, 54163
List the prime factors of 898201.
389, 2309
What are the prime factors of 2295763?
2295763
What are the prime factors of 35766530?
2, 5, 47, 76099
List the prime factors of 480604.
2, 53, 2267
List the prime factors of 1836342.
2, 3, 102019
What are the prime factors of 937534?
2, 13, 107, 337
What are the prime factors of 31370?
2, 5, 3137
List the prime factors of 1619135.
5, 7, 46261
What are the prime factors of 3052941?
3, 1017647
What are the prime factors of 17291281?
7, 197, 12539
List the prime factors of 2879438.
2, 1439719
What are the prime factors of 37135?
5, 7, 1061
What are the prime factors of 7091462?
2, 7, 506533
List the prime factors of 1891292.
2, 13, 37, 983
What are the prime factors of 26678837?
3709, 7193
List the prime factors of 9778745.
5, 157, 12457
List the prime factors of 22622939.
19, 41, 113, 257
List the prime factors of 1696123.
11, 13, 29, 409
List the prime factors of 1173316.
2, 293329
What are the prime factors of 66662?
2, 33331
List the prime factors of 250555.
5, 50111
What are the prime factors of 15070053?
3, 29, 173219
List the prime factors of 424176.
2, 3, 8837
What are the prime factors of 935548?
2, 23, 10169
List the prime factors of 1539126.
2, 3, 37, 2311
List the prime factors of 361591.
229, 1579
What are the prime factors of 1768592?
2, 7, 15791
List the prime factors of 13874909.
13874909
What are the prime factors of 531128?
2, 13, 5107
List the prime factors of 569596.
2, 157, 907
What are the prime factors of 1991615?
5, 398323
List the prime factors of 6786392.
2, 37, 101, 227
List the prime factors of 128498.
2, 47, 1367
List the prime factors of 873647.
17, 3023
What are the prime factors of 10829351?
13, 139, 461
What are the prime factors of 6300460?
2, 5, 211, 1493
List the prime factors of 444996.
2, 3, 47, 263
What are the prime factors of 9160220?
2, 5, 41, 11171
List the prime factors of 1128628.
2, 282157
What are the prime factors of 1599615?
3, 5, 17, 41
What are the prime factors of 10756433?
23, 467671
List the prime factors of 12468393.
3, 7, 577
What are the prime factors of 30263435?
5, 6052687
List the prime factors of 341757.
3, 13, 23, 127
List the prime factors of 12489